4*h + o = -3*l + 5. What is the units digit of l?
2
Let q(d) = d**2 - 10*d + 5. Let x be q(10). Suppose -k - x*u = -27, k + k - 2*u = 30. Let p = 10 + k. What is the units digit of p?
7
Let g(o) be the first derivative of 3*o**3 + 3*o**2/2 - 5*o - 1. What is the tens digit of g(2)?
3
Let l(v) = v**2 - 6*v + 10. Let a(r) = -r**2 + 7*r - 9. Let z(m) = 7*a(m) + 6*l(m). Let f be z(12). Let y(d) = d**2 - 8*d + 3. What is the units digit of y(f)?
2
Let u(j) = -j**2 + 7*j + 8. Let k be u(6). Let n be (24/k)/(8/28). What is the units digit of 40/(-6)*(-9)/n?
0
Let a(w) = -718*w - 1057. What is the hundreds digit of a(-6)?
2
Let s(o) = 7 + 7*o - 2 + 2*o. Let p = -865 - -867. What is the tens digit of s(p)?
2
Let q(w) = -w**3 - w**2 - 1. Let c be q(-2). Suppose -v + 72 = 2*p, 288 = c*v + v - p. What is the tens digit of v?
7
Suppose -2*x = -16*q + 11*q - 24, -2*x - q + 48 = 0. What is the units digit of x?
2
Let h(s) = 13*s + 153. What is the units digit of h(24)?
5
Suppose 2*n - 18 = -14. What is the tens digit of -1*(-4 + -22)/n + -3?
1
Let c = -37 - -33. Let n be 6/c*144/(-27). What is the units digit of 2*(-7)/n*-36?
3
Let h(x) = -7*x**3 + 2*x**2 + 3*x + 2. Let k be (-3 + (-10)/(-3))*-6. What is the units digit of h(k)?
0
Let q = 16 - 28. Suppose 3*x - r - 117 = 2*r, 2*r = -3*x + 97. Let l = q + x. What is the units digit of l?
3
What is the hundreds digit of (-9*(-3)/9)/(2/406)?
6
Suppose -3*c + 3*y = -394 - 293, -3*c = 4*y - 673. What is the hundreds digit of c?
2
Let k(j) = -j**2 - 20*j + 8. Let l be k(-9). Let g = l + -75. What is the tens digit of g?
3
What is the hundreds digit of ((-78)/(-9) + -22)/(2/(-210))?
4
Suppose -4*o - 2*w = -20696, -4*o - 6*w = -5*w - 20696. What is the hundreds digit of o?
1
Let q(u) be the second derivative of u**5/4 - u**4/6 - u**3/3 - 12*u. What is the units digit of q(2)?
8
Let k = 58 - -763. What is the tens digit of k?
2
Let s = 291 - 214. What is the tens digit of s?
7
Let l = -1482 - -3116. What is the thousands digit of l?
1
Let g(q) = 26*q + 263. Let l be g(-10). Suppose 7*y = 2*y + 390. Suppose -l*x + y = 3*x. What is the tens digit of x?
1
Suppose 3*y + 5*u + 2 = 4, -5*y - 4*u = 1. Let g be 1*(0 + y - 12). Let w = g + 35. What is the units digit of w?
2
Suppose -5*r + 7 + 13 = 0. Suppose 81 = -i + 4*i - r*c, 4*i - c - 95 = 0. Let j = i + -7. What is the tens digit of j?
1
Let r = 432 + 431. What is the tens digit of r?
6
Let g(p) = -6*p**2 - p + 5. Let f(l) = -7*l**2 - l + 6. Let q(o) = 5*f(o) - 6*g(o). Let n be q(-1). Suppose 5*x - 84 - 86 = n. What is the units digit of x?
4
Let o(y) = -y**3 + 3*y**2 + 10*y - 18. Let w be o(4). Suppose f + w*f = 252. What is the tens digit of f?
3
Suppose 3 - 9 = -3*h. Suppose -2*w = h*m - 342, w = m - 85 - 90. What is the hundreds digit of m?
1
What is the tens digit of 379/4 - (-15)/12?
9
Let f be -3*1/((-6)/4). Suppose -66 = -f*j - 4*j. What is the tens digit of j?
1
Let o(m) = 3*m**2. Let x be o(1). Let q(r) = 2 - 13*r + x - 2 - 11*r**2 - r**3 - 4. What is the units digit of q(-10)?
9
Let b(m) = -m**3 + 35*m**2 + 12*m - 162. What is the tens digit of b(28)?
6
Suppose -r + 3*k + 1033 = 4*r, 3*k = -2*r + 430. Let u = -1 - r. What is the tens digit of 3*(-3)/(27/u)?
7
Let g = -48 + 71. Let q = g + 76. What is the tens digit of q?
9
Let q(w) = -8*w - 1. Suppose 18 = l + 14. Let i be (-176)/99 + l/(-18). What is the units digit of q(i)?
5
What is the tens digit of 54/12*(-8)/(-12) + 629?
3
Let z(u) = -11*u + 13. Suppose -3*h - 49 = -43. What is the units digit of z(h)?
5
Suppose -32 = -5*p + a, -1 = -4*a - 9. Suppose 5*z - p*z = -4. Suppose 33 = z*n - 87. What is the units digit of n?
0
Let h(d) = -d**2 + 21*d - 22. Let b be h(19). Let w = 1 + b. What is the tens digit of w?
1
Suppose 2*k - 3*y - 593 = 1678, 3*y + 5673 = 5*k. What is the thousands digit of k?
1
Let q(r) = -r**2 + 2*r + 9. Let d be q(-4). Let p be -6 - 2 - (-1 - 1). Let g = p - d. What is the units digit of g?
9
Let o be -12 - (-16)/((-12)/(-3)). What is the units digit of ((-3)/1)/(o/176)?
6
Suppose 4*o + 5*h - 2459 = 0, 4*h = -3*o - o + 2456. What is the units digit of o?
1
Let s = -10 + 13. Suppose s*q - 5 = -c + 6, q + 63 = 3*c. What is the units digit of c?
0
Let a(d) = -12*d**3 - 2*d - 6. Let c be a(-3). Suppose -l + c = l. Suppose z - 2*j - 29 = 0, 5*j + 32 = -5*z + l. What is the units digit of z?
7
Suppose -6*q + 89 = -1609. What is the tens digit of q?
8
Suppose 2*b - 2311 = -t - 3*b, 3*b = -5*t + 11489. What is the units digit of t?
6
Suppose -2*w = -5*n + 1446 + 891, 3*w = -3. What is the tens digit of n?
6
Let f = -18 + 24. What is the hundreds digit of (-293)/(f + -3 - 4)?
2
Let r(f) = -376*f**3 - f**2. What is the hundreds digit of r(-1)?
3
Suppose 4*n - 56 = -20. Suppose -5*l - r + 18 = 0, 8*l - r - n = 4*l. Suppose -h - 14 = -l*h. What is the units digit of h?
7
Let w = 3 - -136. What is the units digit of w?
9
Let m be ((-1)/(-4))/(1*4/48). What is the units digit of (-57 + m)*1/(-3)?
8
Let n(c) = c**2 + c - 2. Let q be n(-3). Suppose 0 = q*b - 2*w - 192, 4*b + w = 19 + 179. What is the units digit of b?
9
Let q = -296 - -1130. What is the hundreds digit of q?
8
Let y = 5 + -2. Suppose 5*b - 42 = -v, -4*b + y = -3*b + 2*v. What is the units digit of 102/b + (-1)/3?
1
Let q(g) = -6*g + 38. What is the hundreds digit of q(-38)?
2
Let x be (394/(-4))/((-7)/14). Let f = 175 - 172. Suppose -f*k = 26 - x. What is the tens digit of k?
5
Let v(y) = -y**2 - 14*y + 5. Suppose m + 13 = t + 5*m, 5*t + 3*m - 99 = 0. Let n = t - 29. What is the units digit of v(n)?
3
Suppose -4*u - 14828 = -5*p, p = -3*p - u + 11875. What is the hundreds digit of p?
9
Let v be -2*(-3 - (-1)/2). Suppose 3*s + 50 = 4*g, v*s = -g - 0*g - 45. Let i = 10 - s. What is the units digit of i?
0
Let z = 49 - 28. Suppose 19 = 2*s + u + 4, -2*s + z = 3*u. Let q(m) = 6*m - 5. What is the units digit of q(s)?
1
Let p(s) = 2*s**2 - 2 - s + 3 + 2*s**2. Suppose 5*r + z = 3*z - 3, -5*z + 25 = 5*r. What is the units digit of p(r)?
4
Let w be 6/2 + 56 - 2. What is the units digit of -72*(w/(-12) + 4)?
4
Let h be -5 - -4 - (18/(-3) + 0). Suppose 5*d - g - 17 - 3 = 0, 0 = h*g. What is the units digit of d?
4
Let m(l) = -l**2 + 12*l + 15. Let h be m(13). Suppose -3*d + h*s = -64, 0 = 5*d - 0*s - 5*s - 100. Suppose d = -0*y + y. What is the tens digit of y?
2
Let l be 456/18 - 2/(-3). Let g = 5 + l. What is the tens digit of g?
3
Let j(o) = 78*o**2 + 16*o - 10. What is the tens digit of j(-6)?
0
What is the hundreds digit of (81 - 84)/(2/(1016/(-6)))?
2
Let s = 90 + -42. Let u = 101 + s. What is the hundreds digit of u?
1
Let v(m) = 17*m**2 - 5*m - 2. What is the tens digit of v(5)?
9
Suppose -7*o = 2081 - 11055. What is the tens digit of o?
8
Let b = -7 - 0. Let z = b + 3. What is the units digit of (z/2)/((-30)/285)?
9
Let l(y) = -11*y + 9. Let i = -68 + 264. Let f be i/(-35) + (-6)/(-10). What is the tens digit of l(f)?
6
Let r(n) = -142*n - 464. What is the tens digit of r(-4)?
0
Suppose 2*t + 5*i = 7, -4*i - 45 = 5*t - 8*t. Let w(s) = -2*s - 7 + t + 4*s**2 + 19 - 3*s**2. What is the tens digit of w(0)?
2
Suppose 5*g + 36 = 6. Let u(r) = -3*r**2 - 24*r - 59. Let x(j) = j**2 + 8*j + 20. Let s(h) = g*u(h) - 17*x(h). What is the units digit of s(-9)?
3
Let p be (-1 - (-213)/4)*4. Let h be p/7 + (-4)/(-28). What is the units digit of (-1)/(-6) + 385/h?
3
Suppose 0*q - 2*q = -14. Suppose -m = -q - 117. What is the hundreds digit of m?
1
Let a(f) = -f**3 - 4*f**2 + 15*f - 2. Let n(s) = s**3 + 5*s**2 - 16*s + 1. Let m(r) = -6*a(r) - 5*n(r). What is the units digit of m(5)?
7
What is the tens digit of (-6 + 54/12)*1376/(-6)?
4
Let v(c) = c**3 + 7*c**2 - 4*c - 16. Let t be (0 - (-1)/3)*-9. Let r be (t - 18)*3/9. What is the tens digit of v(r)?
1
Let r = -20 + 14. Let l = 10 + r. Suppose 0 = a - 2*k - 23, -l*a = -6*k + k - 107. What is the tens digit of a?
3
Let a(h) = h**2 - 9*h + 22. Let p be a(5). Suppose l + 4*t = 8, -5*l - 86 = -9*l + p*t. What is the units digit of l?
0
Suppose -194 = -14*b - 26. Suppose 5*o + 1554 = b*o. What is the tens digit of o?
2
Let q = -989 - -1740. What is the hundreds digit of q?
7
Suppose 628*t - 623*t = 15385. What is the tens digit of t?
7
Let w(x) = x**3 + 7*x**2 + 4*x + 1. Let i be w(-6). Suppose 29 = u 